ime?
False
Is 120275813 composite?
True
Is 216751319 composite?
False
Is 2248291 composite?
False
Is 5647699 a prime number?
True
Is 717931441 composite?
False
Is 578183 a prime number?
True
Is 107387614 a prime number?
False
Is 43387081 a prime number?
True
Is 7412227 composite?
False
Is 8366557 composite?
True
Is 51641957 a composite number?
False
Is 1270627 prime?
True
Is 57719513 a prime number?
False
Is 391067819 prime?
False
Is 5054599 composite?
True
Is 21889111 a composite number?
True
Is 104630683 a composite number?
False
Is 108737879 a prime number?
True
Is 7405647 a composite number?
True
Is 38270759 prime?
True
Is 93362807 a composite number?
False
Is 410873 a composite number?
True
Is 27215801 prime?
True
Is 97204299 composite?
True
Is 27311629 a composite number?
True
Is 1836599 composite?
True
Is 4589857 composite?
True
Is 3540433 composite?
True
Is 278281357 a prime number?
True
Is 1246991 composite?
True
Is 142007 a composite number?
False
Is 221580197 prime?
True
Is 4598849 a composite number?
True
Is 4831823 a prime number?
True
Is 14603566 a prime number?
False
Is 5739379 a prime number?
False
Is 25562707 prime?
True
Is 3469523 a prime number?
True
Is 740525187 a composite number?
True
Is 13479299 prime?
True
Is 16385249 a prime number?
False
Is 131734454 a composite number?
True
Is 2002501 a prime number?
False
Is 24079291 prime?
True
Is 3780893 a composite number?
False
Is 49550651 a prime number?
False
Is 1552405 a composite number?
True
Is 7734563 prime?
False
Is 3447071 a composite number?
False
Is 8346931 prime?
True
Is 458466553 a prime number?
True
Is 12394495 a prime number?
False
Is 42457477 composite?
False
Is 10572053 a composite number?
False
Is 2659885 composite?
True
Is 33970847 a composite number?
True
Is 22653881 prime?
False
Is 292018747 prime?
True
Is 1742765 a prime number?
False
Is 33938158 a prime number?
False
Is 38642137 prime?
True
Is 1820153 a prime number?
True
Is 1799877 a composite number?
True
Is 30956279 a composite number?
False
Is 3190051 prime?
True
Is 2000807 a prime number?
True
Is 28570351 composite?
False
Is 6654707 a composite number?
True
Is 54570871 a composite number?
False
Is 33890117 composite?
False
Is 57845363 prime?
False
Is 297309703 composite?
True
Is 221746639 composite?
False
Is 810360077 prime?
True
Is 14589447 prime?
False
Is 2426069 a composite number?
True
Is 54187543 prime?
False
Is 313637911 prime?
False
Is 4600331 a composite number?
False
Is 1241159 prime?
True
Is 12410641 composite?
False
Is 102762073 a composite number?
False
Is 202920983 prime?
True
Is 1884677 composite?
False
Is 375871 a composite number?
True
Is 37192903 composite?
True
Is 86281 a composite number?
True
Is 42561061 composite?
False
Is 224826137 a prime number?
True
Is 170102567 a prime number?
True
Is 4529103 composite?
True
Is 2211541 prime?
True
Is 28897829 prime?
False
Is 41146421 a composite number?
False
Is 86734927 a prime number?
True
Is 147853 composite?
False
Is 25034677 a prime number?
True
Is 10696663 a prime number?
False
Is 13406803 composite?
False
Is 81132809 prime?
False
Is 133626039 a prime number?
False
Is 1404292585 composite?
True
Is 142092329 a composite number?
False
Is 3841777 prime?
True
Is 585629 prime?
False
Is 13676822 a prime number?
False
Is 126167141 composite?
True
Is 8136053 a prime number?
True
Is 357987437 a prime number?
True
Is 307178 prime?
False
Is 1967568703 a composite number?
False
Is 76832207 composite?
False
Is 580003 a prime number?
False
Is 42374813 composite?
True
Is 28519973 composite?
True
Is 3456977 a composite number?
False
Is 485146327 prime?
True
Is 59036657 a composite number?
False
Is 157020869 composite?
True
Is 9291937 prime?
True
Is 177837239 a prime number?
True
Is 6561991 a prime number?
True
Is 125624071 a composite number?
True
Is 2437789 composite?
True
Is 11993857 a composite number?
True
Is 478615 a composite number?
True
Is 3876253 a composite number?
False
Is 1377577 composite?
False
Is 3083183 prime?
False
Is 1866937 composite?
True
Is 163577861 a composite number?
True
Is 20314373 prime?
True
Is 194815601 composite?
True
Is 235328039 prime?
True
Is 135017239 a composite number?
True
Is 16291621 a prime number?
True
Is 7049039 a composite number?
False
Is 6894589 composite?
True
Is 14668814 a prime number?
False
Is 295357 a composite number?
False
Is 28113109 a prime number?
True
Is 4381357 prime?
True
Is 9472979 composite?
False
Is 1122367 composite?
False
Is 114761987 a composite number?
False
Is 10726195 prime?
False
Is 285191 prime?
True
Is 438589 a prime number?
True
Is 15229877 composite?
True
Is 74960827 a composite number?
True
Is 665341 a composite number?
True
Is 3959 a composite number?
True
Is 952820699 a composite number?
False
Is 15777911 a composite number?
True
Is 11891699 a prime number?
True
Is 2760913 a composite number?
False
Is 6464873 composite?
False
Is 2738797 a composite number?
True
Is 326887 composite?
True
Is 115948321 a prime number?
True
Is 142910161 a composite number?
False
Is 40411223 a prime number?
True
Is 799629613 a prime number?
False
Is 2183171 composite?
False
Is 1293701 a prime number?
True
Is 45642187 a composite number?
True
Is 52720121 a prime number?
True
Is 3877543 a composite number?
False
Is 937803 prime?
False
Is 68298773 a composite number?
True
Is 27767105 composite?
True
Is 1059359 prime?
False
Is 1560619 a prime number?
False
Is 641955313 a prime number?
True
Is 1403033 composite?
True
Is 4798617 a composite number?
True
Is 177397 prime?
False
Is 366619298 a composite number?
True
Is 356639047 a composite number?
False
Is 43459093 composite?
False
Is 46650953 composite?
False
Is 855697 composite?
False
Is 37741373 a composite number?
False
Is 15437053 composite?
False
Is 3491179 composite?
False
Is 10703221 a composite number?
True
Is 25166129 prime?
True
Is 5021977 prime?
True
Is 35146703 prime?
True
Is 215870645 prime?
False
Is 887248577 a composite number?
False
Is 80659533 a composite number?
True
Is 59728517 prime?
False
Is 5403817 prime?
True
Is 716757 a prime number?
False
Is 25662077 prime?
False
Is 10900033 prime?
False
Is 58699001 composite?
False
Is 119213953 composite?
True
Is 179809891 prime?
False
Is 5352793 a prime number?
False
Is 2114699 a composite number?
False
Is 314399 composite?
False
Is 5729563 prime?
False
Is 13979507 composite?
False
Is 31419073 prime?
False
Is 60955711 prime?
True
Is 58857091 composite?
False
Is 14092363 composite?
False
Is 6371237 a composite number?
False
Is 122386541 a prime number?
False
Is 19146271 a composite number?
False
Is 30259259 a prime number?
True
Is 10503173 composite?
True
Is 295611245 a composite number?
True
Is 2497771 a composite number?
False
Is 2066579 a composite number?
False
Is 29343 composite?
True
Is 49236323 a composite number?
False
Is 3254399 a composite number?
True
Is 40834459 a prime number?
False
Is 241613227 prime?
True
Is 117548941 a prime number?
True
Is 1718363 a composite number?
True
Is 657960473 a composite number?
True
Is 5934787 a composite number?
True
Is 292130031 composite?
True
Is 8420939 prime?
True
Is 16504651 composite?
True
Is 57984747 a composite number?
True
Is 31570151 composite?
False
Is 370210561 a prime number?
False
Is 4539089 a composite number?
True
Is 4934978 a composite number?
True
Is 16356553 prime?
False
Is 9172309 a composite number?
True
Is 1085883 a composite number?
True
Is 25247563 composite?
True
Is 8464273 prime?
True
Is 16702771 composite?
False
Is 19653871 prime?
True
Is 570404711 composite?
False
Is 15797351 a prime number?
True
Is 17279641 composite?
False
Is 27707541 a prime number?
False
Is 103110211 composite?
True
Is 21993169 a prime number?
False
Is 2143891 a prime number?
False
Is 2325199 composite?
False
Is 84060917 a prime number?
True
Is 102245681 composite?
False
Is 6618467 a prime number?
False
Is 84103427 composite?
False
Is 15294277 prime?
True
Is 115622737 a composite number?
False
Is 5147981 a composite number?
False
Is 3769433 prime?
True
Is 5199079 a prime number?
True
Is 91063801 composite?
False
Is 8264733 a prime number?
False
Is 170931851 a composite number?
True
Is 334320683 a composite number?
True
Is 1259891 a prime number?
False
I